{"id":189,"date":"2024-09-13T08:36:43","date_gmt":"2024-09-13T08:36:43","guid":{"rendered":"https:\/\/satupaivakodit.fi\/?page_id=189"},"modified":"2025-07-28T08:49:31","modified_gmt":"2025-07-28T08:49:31","slug":"varhaiserityiskasvatus","status":"publish","type":"page","link":"https:\/\/satupaivakodit.fi\/en\/varhaiserityiskasvatus\/","title":{"rendered":"Varhaiserityiskasvatus"},"content":{"rendered":"<h1 class=\"wp-block-heading has-ast-global-color-0-color has-text-color has-link-color wp-elements-8da56cbb2676dcd7fbacaa5ca7667915\">Varhaiserityiskasvatus Satup\u00e4iv\u00e4kodeissa<\/h1>\n\n\n\n<div class=\"wp-block-kenta-blocks-section kb-section-9874531a kb-section\">\n<div class=\"wp-block-kenta-blocks-column kb-column-wrapper kb-column-wrapper-3bbb1719\"><div class=\"kb-column kb-column-3bbb1719\"><div class=\"kb-column-content\">\n<p>Satup\u00e4iv\u00e4kodeissa ty\u00f6skentelee useita varhaiskasvatuksen erityisopettajia. Heill\u00e4 jokaisella on toisistaan eroavat ty\u00f6nkuvat varhaiskasvatuksen kent\u00e4ll\u00e4; hallinnossa, konsultoivana kiert\u00e4v\u00e4n\u00e4 erityisopettajana,\u00a0 p\u00e4iv\u00e4kodin omana erityisopettajana tai ryhm\u00e4ss\u00e4 toimivana erityisopettajana.\u00a0<\/p>\n\n\n\n<p>Varhaiskasvatuslakiin on kirjattu lapsen oikeus saada oikea-aikaista ja lapsen tarpeiden mukaista tukea heti tuen tarpeen ilmetty\u00e4. Tuen j\u00e4rjest\u00e4misen l\u00e4ht\u00f6kohtana ovat lapsen vahvuudet sek\u00e4 oppimiseen, kehitykseen ja hyvinvointiin liittyv\u00e4t tarpeet. Varhaiskasvatuksessa tuki rakentuu lapsen yksil\u00f6llisiin tarpeisiin vastaamisesta sek\u00e4 yhteis\u00f6llisist\u00e4 ja oppimisymp\u00e4rist\u00f6ihin liittyvist\u00e4 ratkaisuista.<\/p>\n<\/div><\/div><\/div>\n\n\n\n<div class=\"wp-block-kenta-blocks-column kb-column-wrapper kb-column-wrapper-2fffc330\"><div class=\"kb-column kb-column-2fffc330\"><div class=\"kb-column-content\">\n<figure class=\"wp-block-image aligncenter size-large is-resized is-style-default\"><img loading=\"lazy\" decoding=\"async\" width=\"2560\" height=\"1920\" src=\"https:\/\/satupaivakodit.fi\/wp-content\/uploads\/2024\/12\/varhaiserityskasvatus-edited-scaled.jpeg\" alt=\"\" class=\"wp-image-738\" style=\"width:387px;height:auto\" srcset=\"https:\/\/satupaivakodit.fi\/wp-content\/uploads\/2024\/12\/varhaiserityskasvatus-edited-scaled.jpeg 2560w, https:\/\/satupaivakodit.fi\/wp-content\/uploads\/2024\/12\/varhaiserityskasvatus-edited-300x225.jpeg 300w, https:\/\/satupaivakodit.fi\/wp-content\/uploads\/2024\/12\/varhaiserityskasvatus-edited-1024x768.jpeg 1024w, https:\/\/satupaivakodit.fi\/wp-content\/uploads\/2024\/12\/varhaiserityskasvatus-edited-768x576.jpeg 768w, https:\/\/satupaivakodit.fi\/wp-content\/uploads\/2024\/12\/varhaiserityskasvatus-edited-1536x1152.jpeg 1536w, https:\/\/satupaivakodit.fi\/wp-content\/uploads\/2024\/12\/varhaiserityskasvatus-edited-2048x1536.jpeg 2048w, https:\/\/satupaivakodit.fi\/wp-content\/uploads\/2024\/12\/varhaiserityskasvatus-edited-16x12.jpeg 16w\" sizes=\"auto, (max-width: 2560px) 100vw, 2560px\" \/><\/figure>\n<\/div><\/div><\/div>\n<\/div>\n\n\n\n<p>Tuki varhaiskasvatuksessa j\u00e4rjestet\u00e4\u00e4n yleisen\u00e4, tehostettuna ja erityisen\u00e4 tukena inklusiivisten periaatteiden mukaisesti.<br>Varhaiskasvatuksen erityisopettaja osallistuu lapsen tuen tarpeen havainnointiin, tukitoimenpiteiden ja niiden toteuttamisen suunnitteluun ja arviointiin tarvittaessa yhdess\u00e4 p\u00e4iv\u00e4kodin henkil\u00f6kunnan kanssa. Varhaiskasvatuksen erityisopettajan antama tuki voi olla lapsikohtaista ja\/tai ryhm\u00e4ss\u00e4 toteutettavaa opetusta tai ohjausta. Tuki voi olla s\u00e4\u00e4nn\u00f6llist\u00e4, osa- tai kokoaikaista. Sit\u00e4 voidaan toteuttaa samanaikaisopetuksena tai yhteisopettajuutena lapsen ryhm\u00e4n opettajan kanssa. Varhaiskasvatuksen erityisopettaja tekee yhteisty\u00f6t\u00e4 my\u00f6s erilaisissa monialaisissa verkostoissa.<br>Varhaiskasvatuksen erityisopettaja tekee yhteisty\u00f6t\u00e4 paitsi henkil\u00f6kunnan kanssa, my\u00f6s huoltajien kanssa osallistumalla esim. vasu-keskusteluihin.<\/p>\n\n\n\n<p><\/p>","protected":false},"excerpt":{"rendered":"<p>Varhaiserityiskasvatus Satup\u00e4iv\u00e4kodeissa Tuki varhaiskasvatuksessa j\u00e4rjestet\u00e4\u00e4n yleisen\u00e4, tehostettuna ja erityisen\u00e4 tukena inklusiivisten periaatteiden mukaisesti.Varhaiskasvatuksen erityisopettaja osallistuu lapsen tuen tarpeen havainnointiin, tukitoimenpiteiden [&hellip;]<\/p>\n","protected":false},"author":1,"featured_media":0,"parent":0,"menu_order":0,"comment_status":"closed","ping_status":"closed","template":"","meta":{"_seopress_robots_primary_cat":"","_seopress_titles_title":"","_seopress_titles_desc":"","_seopress_robots_index":"","site-sidebar-layout":"default","site-content-layout":"","ast-site-content-layout":"default","site-content-style":"default","site-sidebar-style":"default","ast-global-header-display":"","ast-banner-title-visibility":"","ast-main-header-display":"","ast-hfb-above-header-display":"","ast-hfb-below-header-display":"","ast-hfb-mobile-header-display":"","site-post-title":"","ast-breadcrumbs-content":"","ast-featured-img":"","footer-sml-layout":"","ast-disable-related-posts":"","theme-transparent-header-meta":"","adv-header-id-meta":"","stick-header-meta":"","header-above-stick-meta":"","header-main-stick-meta":"","header-below-stick-meta":"","astra-migrate-meta-layouts":"default","ast-page-background-enabled":"default","ast-page-background-meta":{"desktop":{"background-color":"var(--ast-global-color-4)","background-image":"","background-repeat":"repeat","background-position":"center center","background-size":"auto","background-attachment":"scroll","background-type":"","background-media":"","overlay-type":"","overlay-color":"","overlay-opacity":"","overlay-gradient":""},"tablet":{"background-color":"","background-image":"","background-repeat":"repeat","background-position":"center center","background-size":"auto","background-attachment":"scroll","background-type":"","background-media":"","overlay-type":"","overlay-color":"","overlay-opacity":"","overlay-gradient":""},"mobile":{"background-color":"","background-image":"","background-repeat":"repeat","background-position":"center center","background-size":"auto","background-attachment":"scroll","background-type":"","background-media":"","overlay-type":"","overlay-color":"","overlay-opacity":"","overlay-gradient":""}},"ast-content-background-meta":{"desktop":{"background-color":"var(--ast-global-color-5)","background-image":"","background-repeat":"repeat","background-position":"center center","background-size":"auto","background-attachment":"scroll","background-type":"","background-media":"","overlay-type":"","overlay-color":"","overlay-opacity":"","overlay-gradient":""},"tablet":{"background-color":"var(--ast-global-color-5)","background-image":"","background-repeat":"repeat","background-position":"center center","background-size":"auto","background-attachment":"scroll","background-type":"","background-media":"","overlay-type":"","overlay-color":"","overlay-opacity":"","overlay-gradient":""},"mobile":{"background-color":"var(--ast-global-color-5)","background-image":"","background-repeat":"repeat","background-position":"center center","background-size":"auto","background-attachment":"scroll","background-type":"","background-media":"","overlay-type":"","overlay-color":"","overlay-opacity":"","overlay-gradient":""}},"footnotes":""},"class_list":["post-189","page","type-page","status-publish","hentry"],"_links":{"self":[{"href":"https:\/\/satupaivakodit.fi\/en\/wp-json\/wp\/v2\/pages\/189","targetHints":{"allow":["GET"]}}],"collection":[{"href":"https:\/\/satupaivakodit.fi\/en\/wp-json\/wp\/v2\/pages"}],"about":[{"href":"https:\/\/satupaivakodit.fi\/en\/wp-json\/wp\/v2\/types\/page"}],"author":[{"embeddable":true,"href":"https:\/\/satupaivakodit.fi\/en\/wp-json\/wp\/v2\/users\/1"}],"replies":[{"embeddable":true,"href":"https:\/\/satupaivakodit.fi\/en\/wp-json\/wp\/v2\/comments?post=189"}],"version-history":[{"count":16,"href":"https:\/\/satupaivakodit.fi\/en\/wp-json\/wp\/v2\/pages\/189\/revisions"}],"predecessor-version":[{"id":914,"href":"https:\/\/satupaivakodit.fi\/en\/wp-json\/wp\/v2\/pages\/189\/revisions\/914"}],"wp:attachment":[{"href":"https:\/\/satupaivakodit.fi\/en\/wp-json\/wp\/v2\/media?parent=189"}],"curies":[{"name":"wp","href":"https:\/\/api.w.org\/{rel}","templated":true}]}}

<h1 class="wp-block-heading has-ast-global-color-0-color has-text-color has-link-color wp-elements-8da56cbb2676dcd7fbacaa5ca7667915">Varhaiserityiskasvatus Satupäiväkodeissa</h1>



<div class="wp-block-kenta-blocks-section kb-section-9874531a kb-section">
<div class="wp-block-kenta-blocks-column kb-column-wrapper kb-column-wrapper-3bbb1719"><div class="kb-column kb-column-3bbb1719"><div class="kb-column-content">
<p>Satupäiväkodeissa työskentelee useita varhaiskasvatuksen erityisopettajia. Heillä jokaisella on toisistaan eroavat työnkuvat varhaiskasvatuksen kentällä; hallinnossa, konsultoivana kiertävänä erityisopettajana,  päiväkodin omana erityisopettajana tai ryhmässä toimivana erityisopettajana. </p>



<p>Varhaiskasvatuslakiin on kirjattu lapsen oikeus saada oikea-aikaista ja lapsen tarpeiden mukaista tukea heti tuen tarpeen ilmettyä. Tuen järjestämisen lähtökohtana ovat lapsen vahvuudet sekä oppimiseen, kehitykseen ja hyvinvointiin liittyvät tarpeet. Varhaiskasvatuksessa tuki rakentuu lapsen yksilöllisiin tarpeisiin vastaamisesta sekä yhteisöllisistä ja oppimisympäristöihin liittyvistä ratkaisuista.</p>
</div></div></div>



<div class="wp-block-kenta-blocks-column kb-column-wrapper kb-column-wrapper-2fffc330"><div class="kb-column kb-column-2fffc330"><div class="kb-column-content">
<figure class="wp-block-image aligncenter size-large is-resized is-style-default"><img loading="lazy" decoding="async" width="2560" height="1920" src="https://satupaivakodit.fi/wp-content/uploads/2024/12/varhaiserityskasvatus-edited-scaled.jpeg" alt="" class="wp-image-738" style="width:387px;height:auto" srcset="https://satupaivakodit.fi/wp-content/uploads/2024/12/varhaiserityskasvatus-edited-scaled.jpeg 2560w, https://satupaivakodit.fi/wp-content/uploads/2024/12/varhaiserityskasvatus-edited-300x225.jpeg 300w, https://satupaivakodit.fi/wp-content/uploads/2024/12/varhaiserityskasvatus-edited-1024x768.jpeg 1024w, https://satupaivakodit.fi/wp-content/uploads/2024/12/varhaiserityskasvatus-edited-768x576.jpeg 768w, https://satupaivakodit.fi/wp-content/uploads/2024/12/varhaiserityskasvatus-edited-1536x1152.jpeg 1536w, https://satupaivakodit.fi/wp-content/uploads/2024/12/varhaiserityskasvatus-edited-2048x1536.jpeg 2048w, https://satupaivakodit.fi/wp-content/uploads/2024/12/varhaiserityskasvatus-edited-16x12.jpeg 16w" sizes="auto, (max-width: 2560px) 100vw, 2560px" /></figure>
</div></div></div>
</div>



<p>Tuki varhaiskasvatuksessa järjestetään yleisenä, tehostettuna ja erityisenä tukena inklusiivisten periaatteiden mukaisesti.<br>Varhaiskasvatuksen erityisopettaja osallistuu lapsen tuen tarpeen havainnointiin, tukitoimenpiteiden ja niiden toteuttamisen suunnitteluun ja arviointiin tarvittaessa yhdessä päiväkodin henkilökunnan kanssa. Varhaiskasvatuksen erityisopettajan antama tuki voi olla lapsikohtaista ja/tai ryhmässä toteutettavaa opetusta tai ohjausta. Tuki voi olla säännöllistä, osa- tai kokoaikaista. Sitä voidaan toteuttaa samanaikaisopetuksena tai yhteisopettajuutena lapsen ryhmän opettajan kanssa. Varhaiskasvatuksen erityisopettaja tekee yhteistyötä myös erilaisissa monialaisissa verkostoissa.<br>Varhaiskasvatuksen erityisopettaja tekee yhteistyötä paitsi henkilökunnan kanssa, myös huoltajien kanssa osallistumalla esim. vasu-keskusteluihin.</p>



<p></p>

<p>Varhaiserityiskasvatus Satupäiväkodeissa Tuki varhaiskasvatuksessa järjestetään yleisenä, tehostettuna ja erityisenä tukena inklusiivisten periaatteiden mukaisesti.Varhaiskasvatuksen erityisopettaja osallistuu lapsen tuen tarpeen havainnointiin, tukitoimenpiteiden [&hellip;]</p>
