{"id":193,"date":"2024-09-13T08:37:25","date_gmt":"2024-09-13T08:37:25","guid":{"rendered":"https:\/\/satupaivakodit.fi\/?page_id=193"},"modified":"2026-02-17T08:02:17","modified_gmt":"2026-02-17T08:02:17","slug":"varhaiskasvatusmaksut","status":"publish","type":"page","link":"https:\/\/satupaivakodit.fi\/en\/varhaiskasvatusmaksut\/","title":{"rendered":"Varhaiskasvatusmaksut"},"content":{"rendered":"<div class=\"wp-block-kenta-blocks-spacer kb-spacer-ee3d0a0a kb-spacer\" aria-hidden=\"true\"><\/div>\n\n\n\n<h1 class=\"wp-block-heading has-kenta-accent-active-color has-text-color has-link-color wp-elements-9f4f259fa5a586c8e1184bd37e2369b3\">Varhaiskasvatusmaksut<\/h1>\n\n\n\n<p>Satup\u00e4iv\u00e4kotien varhaiskasvatusmaksun suuruuteen vaikuttavat lapsen hoitoaika, palvelusetelin tai yksityisen p\u00e4iv\u00e4hoidon tuen suuruus sek\u00e4 vanhempien tulot. P\u00e4\u00e4s\u00e4\u00e4nt\u00f6isesti lapset ovat meill\u00e4 hoidossa kunnan palvelusetelill\u00e4. Palvelusetelill\u00e4 perheen maksettavaksi j\u00e4\u00e4v\u00e4 osuus on usein sama kuin kunnallisessakin p\u00e4iv\u00e4hoidossa. Kaikissa kunnissa ei ole k\u00e4yt\u00f6ss\u00e4 palveluseteli\u00e4 ja t\u00e4ll\u00f6in perhe voi hakea yksityisen hoidon tukea Kelalta.<\/p>\n\n\n\n<h2 class=\"wp-block-heading has-kenta-accent-active-color has-text-color has-link-color wp-elements-c5d1841adab3bc6aa476b5a8b5d0693e\">Varhaiskasvatusmaksut palvelusetelill\u00e4 oleville lapsille 1.8.2025 alkaen:<\/h2>\n\n\n\n<p>Varhaiskasvatusmaksu eli vanhempien omaosuus palvelusetelill\u00e4 on 0-311 \u20ac\/kk, riippuen perheen tuloista ja hoitotuntien m\u00e4\u00e4r\u00e4st\u00e4 viikossa. Palveluseteli\u00e4 voivat hakea turkulaiset ja raisiolaiset perheet omasta asuinkunnastaan. Turussa palvelusetelin arvo m\u00e4\u00e4r\u00e4ytyy lapsen i\u00e4n, hoitoajan ja perheen tulojen mukaan. Perheen maksettavaksi j\u00e4\u00e4 palvelusetelin arvon ja Satup\u00e4iv\u00e4kotien perim\u00e4n maksun v\u00e4linen erotus. Lis\u00e4tietoa Turun kaupungin palvelusetelist\u00e4 ja kuntalis\u00e4st\u00e4 saat&nbsp;<a href=\"https:\/\/www.turku.fi\/tarvitsetko-varhaiskasvatuspaikkaa-elokuusta-alkaen-tee-hakemus-jo-nyt\">Turun kaupungin sivuilta<\/a>. Lis\u00e4tietoa Raision kaupungin tarjoamasta palvelusetelist\u00e4 saat&nbsp;<a href=\"https:\/\/www.raisio.fi\/fi\/koulutus-ja-varhaiskasvatus\/varhaiskasvatus-ja-esiopetus\/varhaiskasvatuksen-maksut\">Raision kaupungin sivuilta<\/a>. Voit kysy\u00e4 palveluseteleist\u00e4 my\u00f6s meilt\u00e4.<\/p>\n\n\n\n<p>Varhaiskasvatuspaikkamaksut sek\u00e4 perheiden maksama osuus eli varhaiskasvatusmaksu:<\/p>\n\n\n\n<h3 class=\"wp-block-heading\">Turku<\/h3>\n\n\n\n<p class=\"has-ast-global-color-6-background-color has-background\"><strong>Kokoaikainen vaihtoehto:<\/strong><br>Yli 35 h\/vk ja yli 140 h\/kalenterikuukausi<br>Alle 3-v. 1726 \u20ac<br>Yli 3-v. 1015 \u20ac<br>Perheen osuus 0-311 \u20ac<br><br><strong>Osa-aikaiset vaihtoehdot:<\/strong><br>Enint\u00e4\u00e4n 35 h\/vk ja keskim\u00e4\u00e4rin enint\u00e4\u00e4n 140 h\/kalenterikuukausi<br>Alle 3-v. 1726\u20ac<br>Yli 3-v. 1015 \u20ac<br>Perheen osuus 0-264 \u20ac<br><br>Enint\u00e4\u00e4n 27,5 h\/vk ja keskim\u00e4\u00e4rin enint\u00e4\u00e4n 110 h\/kalenterikuukausi<br>Alle 3-v. 1294\u20ac<br>Yli 3-v. 761\u20ac<br>Perheen osuus 0-202 \u20ac<br><br>Enint\u00e4\u00e4n 20 h\/vk ja keskim\u00e4\u00e4rin enint\u00e4\u00e4n 80 h\/kalenterikuukausi<br>Alle 3-v. 1035 \u20ac<br>Yli 3-v. 609 \u20ac<br>Perheen osuus 0-156 \u20ac<\/p>\n\n\n\n<h3 class=\"wp-block-heading has-kenta-accent-active-color has-text-color has-link-color wp-elements-aecc085b33beba80534841168044eca7\">Raisio<\/h3>\n\n\n\n<p class=\"has-ast-global-color-6-background-color has-background\"><strong>Kokoaikainen vaihtoehto:<\/strong><br>Kokoaikainen yli 35h\/vk<br>Alle 3-v. 1725,50 \u20ac<br>Yli 3-v. 1015 \u20ac<br>Perheen osuus 0-311\u20ac<br><br><strong>Osa-aikaiset vaihtoehdot:<\/strong><br>Osa-aikainen 20-35h\/vk<br>Alle 3-v. 1725,50 \u20ac<br>Yli 3-v. 1015 \u20ac<br>Perheen osuus 0-249 \u20ac&nbsp;<br><br>Osa-aikainen max 20h\/vk<br>Alle 3-v. 1035,30\u20ac<br>Yli 3-v. 609 \u20ac<br>Perheen osuus 0-187\u20ac<\/p>\n\n\n\n<h3 class=\"wp-block-heading has-kenta-accent-active-color has-text-color has-link-color wp-elements-c7d4087b553634a68533bcfab1b244cd\">Kaarina<\/h3>\n\n\n\n<p class=\"has-ast-global-color-6-background-color has-background\">Kaarinan asiakkaat voivat tiedustella varhaiskasvatuspaikkoja suoraan sen p\u00e4iv\u00e4kodin johtajalta, josta ovat kiinnostuneet. Kaarinaa l\u00e4hell\u00e4 on Satukoivulan p\u00e4iv\u00e4koti, paikkoja voi tiedustella p\u00e4iv\u00e4kodinjohtaja Suvi Saarelta, suvi.saari@satupaivakodit.fi,\u00a0 044-7937586.<br><\/p>\n\n\n\n<p class=\"has-ast-global-color-6-background-color has-background\"><strong>Kes\u00e4ajan maksut:<\/strong><br>Mik\u00e4li lapsi on pois p\u00e4iv\u00e4kodista yht\u00e4jaksoisesti kuukauden, annamme syyskuun varhaiskasvatusmaksusta 30 % alennuksen. <br>Jos loma-aikaa kertyy 2 kuukautta, emme peri syyskuun varhaiskasvatusmaksua.<br><br>Varhaiskasvatuspaikan irtisanomisaika on yksi kokonainen kalenterikuukausi.<\/p>\n\n\n\n<h2 class=\"wp-block-heading has-kenta-accent-active-color has-text-color has-link-color wp-elements-794789715327108e321597c9ff1366b6\">Yksityisen hoidon tuki<\/h2>\n\n\n\n<p>Otamme hoitoon my\u00f6s ulkopaikkakuntalaisia lapsia yksityisen hoidon tuella. Yksityisen hoidon tuen suuruus riippuu lapsen hoitoajasta ja perheen tuloista. Yksityisen hoidon tuki koostuu hoitorahasta, hoitolis\u00e4st\u00e4 ja mahdollisesta kuntalis\u00e4st\u00e4. Vanhemmat hakevat Kelalta yksityisen hoidon tukea, joka maksetaan suoraan p\u00e4iv\u00e4kodille. Perheen varhaiskasvatuspaikkamaksut m\u00e4\u00e4r\u00e4ytyv\u00e4t asuinkunnan, vanhempien tulojen ja tuntim\u00e4\u00e4rien mukaan. Maksun suuruutta ja kuntalis\u00e4\u00e4 voit tiedustella p\u00e4iv\u00e4kodistamme. Lis\u00e4tietoa yksityisen hoidon tuesta saat Kelan sivuilta tai kysym\u00e4ll\u00e4 meilt\u00e4. Autamme mielell\u00e4mme kaikissa tukiasioissa.<\/p>\n\n\n\n<p>Neuvomme mielell\u00e4mme perheit\u00e4 maksu- ja tukiasioissa sek\u00e4 tukihakemusten t\u00e4ytt\u00e4misess\u00e4.<\/p>\n\n\n\n<p><a href=\"https:\/\/www.turku.fi\/tarvitsetko-varhaiskasvatuspaikkaa-elokuusta-alkaen-tee-hakemus-jo-nyt\" target=\"_blank\" rel=\"noreferrer noopener\">Klikkaa t\u00e4st\u00e4 ja hae p\u00e4iv\u00e4kotipaikkaa Turun kaupungin sivuilta<\/a><\/p>\n\n\n\n<p>Raision varhaiskasvatuspaikat:<\/p>\n\n\n\n<p>Ota yhteytt\u00e4 p\u00e4iv\u00e4kodinjohtajaan: Saija Stolt,&nbsp;<a href=\"mailto:saija.stolt@satupaivakodit.fi\">saija.stolt@satupaivakodit.fi<\/a>, p.&nbsp;<a href=\"tel:0456499449\">0456499449<\/a><\/p>\n\n\n\n<p><\/p>","protected":false},"excerpt":{"rendered":"<p>Varhaiskasvatusmaksut Satup\u00e4iv\u00e4kotien varhaiskasvatusmaksun suuruuteen vaikuttavat lapsen hoitoaika, palvelusetelin tai yksityisen p\u00e4iv\u00e4hoidon tuen suuruus sek\u00e4 vanhempien tulot. P\u00e4\u00e4s\u00e4\u00e4nt\u00f6isesti lapset ovat meill\u00e4 [&hellip;]<\/p>\n","protected":false},"author":1,"featured_media":0,"parent":0,"menu_order":0,"comment_status":"closed","ping_status":"closed","template":"","meta":{"_seopress_robots_primary_cat":"","_seopress_titles_title":"","_seopress_titles_desc":"","_seopress_robots_index":"","site-sidebar-layout":"default","site-content-layout":"","ast-site-content-layout":"default","site-content-style":"default","site-sidebar-style":"default","ast-global-header-display":"","ast-banner-title-visibility":"","ast-main-header-display":"","ast-hfb-above-header-display":"","ast-hfb-below-header-display":"","ast-hfb-mobile-header-display":"","site-post-title":"","ast-breadcrumbs-content":"","ast-featured-img":"","footer-sml-layout":"","ast-disable-related-posts":"","theme-transparent-header-meta":"","adv-header-id-meta":"","stick-header-meta":"","header-above-stick-meta":"","header-main-stick-meta":"","header-below-stick-meta":"","astra-migrate-meta-layouts":"default","ast-page-background-enabled":"default","ast-page-background-meta":{"desktop":{"background-color":"var(--ast-global-color-4)","background-image":"","background-repeat":"repeat","background-position":"center center","background-size":"auto","background-attachment":"scroll","background-type":"","background-media":"","overlay-type":"","overlay-color":"","overlay-opacity":"","overlay-gradient":""},"tablet":{"background-color":"","background-image":"","background-repeat":"repeat","background-position":"center center","background-size":"auto","background-attachment":"scroll","background-type":"","background-media":"","overlay-type":"","overlay-color":"","overlay-opacity":"","overlay-gradient":""},"mobile":{"background-color":"","background-image":"","background-repeat":"repeat","background-position":"center center","background-size":"auto","background-attachment":"scroll","background-type":"","background-media":"","overlay-type":"","overlay-color":"","overlay-opacity":"","overlay-gradient":""}},"ast-content-background-meta":{"desktop":{"background-color":"var(--ast-global-color-5)","background-image":"","background-repeat":"repeat","background-position":"center center","background-size":"auto","background-attachment":"scroll","background-type":"","background-media":"","overlay-type":"","overlay-color":"","overlay-opacity":"","overlay-gradient":""},"tablet":{"background-color":"var(--ast-global-color-5)","background-image":"","background-repeat":"repeat","background-position":"center center","background-size":"auto","background-attachment":"scroll","background-type":"","background-media":"","overlay-type":"","overlay-color":"","overlay-opacity":"","overlay-gradient":""},"mobile":{"background-color":"var(--ast-global-color-5)","background-image":"","background-repeat":"repeat","background-position":"center center","background-size":"auto","background-attachment":"scroll","background-type":"","background-media":"","overlay-type":"","overlay-color":"","overlay-opacity":"","overlay-gradient":""}},"footnotes":""},"class_list":["post-193","page","type-page","status-publish","hentry"],"_links":{"self":[{"href":"https:\/\/satupaivakodit.fi\/en\/wp-json\/wp\/v2\/pages\/193","targetHints":{"allow":["GET"]}}],"collection":[{"href":"https:\/\/satupaivakodit.fi\/en\/wp-json\/wp\/v2\/pages"}],"about":[{"href":"https:\/\/satupaivakodit.fi\/en\/wp-json\/wp\/v2\/types\/page"}],"author":[{"embeddable":true,"href":"https:\/\/satupaivakodit.fi\/en\/wp-json\/wp\/v2\/users\/1"}],"replies":[{"embeddable":true,"href":"https:\/\/satupaivakodit.fi\/en\/wp-json\/wp\/v2\/comments?post=193"}],"version-history":[{"count":15,"href":"https:\/\/satupaivakodit.fi\/en\/wp-json\/wp\/v2\/pages\/193\/revisions"}],"predecessor-version":[{"id":950,"href":"https:\/\/satupaivakodit.fi\/en\/wp-json\/wp\/v2\/pages\/193\/revisions\/950"}],"wp:attachment":[{"href":"https:\/\/satupaivakodit.fi\/en\/wp-json\/wp\/v2\/media?parent=193"}],"curies":[{"name":"wp","href":"https:\/\/api.w.org\/{rel}","templated":true}]}}

<div class="wp-block-kenta-blocks-spacer kb-spacer-ee3d0a0a kb-spacer" aria-hidden="true"></div>



<h1 class="wp-block-heading has-kenta-accent-active-color has-text-color has-link-color wp-elements-9f4f259fa5a586c8e1184bd37e2369b3">Varhaiskasvatusmaksut</h1>



<p>Satupäiväkotien varhaiskasvatusmaksun suuruuteen vaikuttavat lapsen hoitoaika, palvelusetelin tai yksityisen päivähoidon tuen suuruus sekä vanhempien tulot. Pääsääntöisesti lapset ovat meillä hoidossa kunnan palvelusetelillä. Palvelusetelillä perheen maksettavaksi jäävä osuus on usein sama kuin kunnallisessakin päivähoidossa. Kaikissa kunnissa ei ole käytössä palveluseteliä ja tällöin perhe voi hakea yksityisen hoidon tukea Kelalta.</p>



<h2 class="wp-block-heading has-kenta-accent-active-color has-text-color has-link-color wp-elements-c5d1841adab3bc6aa476b5a8b5d0693e">Varhaiskasvatusmaksut palvelusetelillä oleville lapsille 1.8.2025 alkaen:</h2>



<p>Varhaiskasvatusmaksu eli vanhempien omaosuus palvelusetelillä on 0-311 €/kk, riippuen perheen tuloista ja hoitotuntien määrästä viikossa. Palveluseteliä voivat hakea turkulaiset ja raisiolaiset perheet omasta asuinkunnastaan. Turussa palvelusetelin arvo määräytyy lapsen iän, hoitoajan ja perheen tulojen mukaan. Perheen maksettavaksi jää palvelusetelin arvon ja Satupäiväkotien perimän maksun välinen erotus. Lisätietoa Turun kaupungin palvelusetelistä ja kuntalisästä saat&nbsp;<a href="https://www.turku.fi/tarvitsetko-varhaiskasvatuspaikkaa-elokuusta-alkaen-tee-hakemus-jo-nyt">Turun kaupungin sivuilta</a>. Lisätietoa Raision kaupungin tarjoamasta palvelusetelistä saat&nbsp;<a href="https://www.raisio.fi/fi/koulutus-ja-varhaiskasvatus/varhaiskasvatus-ja-esiopetus/varhaiskasvatuksen-maksut">Raision kaupungin sivuilta</a>. Voit kysyä palveluseteleistä myös meiltä.</p>



<p>Varhaiskasvatuspaikkamaksut sekä perheiden maksama osuus eli varhaiskasvatusmaksu:</p>



<h3 class="wp-block-heading">Turku</h3>



<p class="has-ast-global-color-6-background-color has-background"><strong>Kokoaikainen vaihtoehto:</strong><br>Yli 35 h/vk ja yli 140 h/kalenterikuukausi<br>Alle 3-v. 1726 €<br>Yli 3-v. 1015 €<br>Perheen osuus 0-311 €<br><br><strong>Osa-aikaiset vaihtoehdot:</strong><br>Enintään 35 h/vk ja keskimäärin enintään 140 h/kalenterikuukausi<br>Alle 3-v. 1726€<br>Yli 3-v. 1015 €<br>Perheen osuus 0-264 €<br><br>Enintään 27,5 h/vk ja keskimäärin enintään 110 h/kalenterikuukausi<br>Alle 3-v. 1294€<br>Yli 3-v. 761€<br>Perheen osuus 0-202 €<br><br>Enintään 20 h/vk ja keskimäärin enintään 80 h/kalenterikuukausi<br>Alle 3-v. 1035 €<br>Yli 3-v. 609 €<br>Perheen osuus 0-156 €</p>



<h3 class="wp-block-heading has-kenta-accent-active-color has-text-color has-link-color wp-elements-aecc085b33beba80534841168044eca7">Raisio</h3>



<p class="has-ast-global-color-6-background-color has-background"><strong>Kokoaikainen vaihtoehto:</strong><br>Kokoaikainen yli 35h/vk<br>Alle 3-v. 1725,50 €<br>Yli 3-v. 1015 €<br>Perheen osuus 0-311€<br><br><strong>Osa-aikaiset vaihtoehdot:</strong><br>Osa-aikainen 20-35h/vk<br>Alle 3-v. 1725,50 €<br>Yli 3-v. 1015 €<br>Perheen osuus 0-249 €&nbsp;<br><br>Osa-aikainen max 20h/vk<br>Alle 3-v. 1035,30€<br>Yli 3-v. 609 €<br>Perheen osuus 0-187€</p>



<h3 class="wp-block-heading has-kenta-accent-active-color has-text-color has-link-color wp-elements-c7d4087b553634a68533bcfab1b244cd">Kaarina</h3>



<p class="has-ast-global-color-6-background-color has-background">Kaarinan asiakkaat voivat tiedustella varhaiskasvatuspaikkoja suoraan sen päiväkodin johtajalta, josta ovat kiinnostuneet. Kaarinaa lähellä on Satukoivulan päiväkoti, paikkoja voi tiedustella päiväkodinjohtaja Suvi Saarelta, suvi.saari@satupaivakodit.fi,  044-7937586.<br></p>



<p class="has-ast-global-color-6-background-color has-background"><strong>Kesäajan maksut:</strong><br>Mikäli lapsi on pois päiväkodista yhtäjaksoisesti kuukauden, annamme syyskuun varhaiskasvatusmaksusta 30 % alennuksen. <br>Jos loma-aikaa kertyy 2 kuukautta, emme peri syyskuun varhaiskasvatusmaksua.<br><br>Varhaiskasvatuspaikan irtisanomisaika on yksi kokonainen kalenterikuukausi.</p>



<h2 class="wp-block-heading has-kenta-accent-active-color has-text-color has-link-color wp-elements-794789715327108e321597c9ff1366b6">Yksityisen hoidon tuki</h2>



<p>Otamme hoitoon myös ulkopaikkakuntalaisia lapsia yksityisen hoidon tuella. Yksityisen hoidon tuen suuruus riippuu lapsen hoitoajasta ja perheen tuloista. Yksityisen hoidon tuki koostuu hoitorahasta, hoitolisästä ja mahdollisesta kuntalisästä. Vanhemmat hakevat Kelalta yksityisen hoidon tukea, joka maksetaan suoraan päiväkodille. Perheen varhaiskasvatuspaikkamaksut määräytyvät asuinkunnan, vanhempien tulojen ja tuntimäärien mukaan. Maksun suuruutta ja kuntalisää voit tiedustella päiväkodistamme. Lisätietoa yksityisen hoidon tuesta saat Kelan sivuilta tai kysymällä meiltä. Autamme mielellämme kaikissa tukiasioissa.</p>



<p>Neuvomme mielellämme perheitä maksu- ja tukiasioissa sekä tukihakemusten täyttämisessä.</p>



<p><a href="https://www.turku.fi/tarvitsetko-varhaiskasvatuspaikkaa-elokuusta-alkaen-tee-hakemus-jo-nyt" target="_blank" rel="noreferrer noopener">Klikkaa tästä ja hae päiväkotipaikkaa Turun kaupungin sivuilta</a></p>



<p>Raision varhaiskasvatuspaikat:</p>



<p>Ota yhteyttä päiväkodinjohtajaan: Saija Stolt,&nbsp;<a href="mailto:saija.stolt@satupaivakodit.fi">saija.stolt@satupaivakodit.fi</a>, p.&nbsp;<a href="tel:0456499449">0456499449</a></p>



<p></p>

<p>Varhaiskasvatusmaksut Satupäiväkotien varhaiskasvatusmaksun suuruuteen vaikuttavat lapsen hoitoaika, palvelusetelin tai yksityisen päivähoidon tuen suuruus sekä vanhempien tulot. Pääsääntöisesti lapset ovat meillä [&hellip;]</p>
